to base 8.
-4600257
-ba66d (base 16) to base 14
-15c35b
-1590496 (base 11) to base 9
-5078253
Convert 12121001221 (base 3) to base 10.
110131
Convert 110011010100001101 (base 2) to base 9.
350283
Convert -9a3cd (base 15) to base 5.
-111141433
Convert 379395 (base 15) to base 10.
2663690
Convert 1c9c8b (base 13) to base 8.
2635305
110000100011100101011 (base 2) to base 10
1591083
Convert -111001110111100001 (base 2) to base 13.
-83b69
Convert 3c8c3 (base 13) to base 6.
2233422
What is -250a4 (base 13) in base 5?
-4140431
Convert 23403240 (base 5) to base 10.
216070
Convert -14045088 (base 9) to base 15.
-920da2
303231223233 (base 4) to base 12
4659213
Convert -19558 (base 13) to base 4.
-30001210
What is -3049182 (base 10) in base 16?
-2e86de
10011011111101000111011 (base 2) to base 16
4dfa3b
Convert -342503 (base 7) to base 13.
-21992
Convert 6773214 (base 8) to base 6.
103140112
Convert -2a2027 (base 16) to base 5.
-1201320433
-13322124 (base 5) to base 9
-226385
What is c6b6c7 (base 14) in base 3?
110122012111202
Convert -1415402 (base 6) to base 14.
-21386
Convert -601311 (base 10) to base 8.
-2226337
What is -1160594 (base 10) in base 2?
-100011011010110010010
Convert -3101220312 (base 4) to base 13.
-240ac2
201460 (base 12) to base 5
112000130
Convert -20022020020 (base 3) to base 2.
-11110010011000010
11011010001111100111 (base 2) to base 4
3122033213
128b29 (base 13) to base 6
13333313
What is 1935053 (base 10) in base 8?
7303315
What is 1031ed (base 15) in base 7?
6354514
What is -1330327 (base 9) in base 14?
-14d707
What is -187035 (base 11) in base 13?
-a0b50
Convert 141115530 (base 6) to base 5.
1212400431
1000100000110 (base 3) to base 15
a9629
What is -1222201200000 (base 3) in base 16?
-102300
What is -6676a (base 14) in base 9?
-417688
-3a59b1 (base 12) to base 10
-963925
Convert 750343 (base 13) to base 10.
2742418
Convert -100010111001101111001 (base 2) to base 7.
-12502216
Convert -356444 (base 7) to base 9.
-107682
What is 11110111200 (base 3) in base 13?
30ca8
Convert -290338 (base 13) to base 4.
-3310023331
What is -301131022210 (base 4) in base 15?
-1211511
Convert 2603644 (base 7) to base 10.
337495
What is 3314100442 (base 5) in base 16?
6d7bd2
What is 6ab00 (base 12) in base 11?
98715
Convert 306fb8 (base 16) to base 5.
1303034303
Convert -11001111001110110 (base 2) to base 16.
-19e76
What is 1523615 (base 7) in base 3?
101120002002
What is 133233512 (base 6) in base 4?
22032031310
-b7924 (base 12) to base 7
-2024062
What is 68a41 (base 11) in base 3?
12001211102
What is 16828 (base 9) in base 5?
332414
Convert 145203 (base 6) to base 12.
8203
-10010010101100111 (base 2) to base 16
-12567
What is 31235 (base 15) in base 8?
460146
1205548 (base 12) to base 7
41455601
What is 44283 (base 9) in base 12?
15019
31111410 (base 6) to base 13
254a27
Convert -2100503 (base 6) to base 2.
-11000101110010111
1777573 (base 10) to base 2
110110001111110100101
Convert -18973 (base 10) to base 14.
-6cb3
Convert -1532895 (base 10) to base 7.
-16013040
141325 (base 6) to base 8
31765
What is -1131213213 (base 4) in base 8?
-1354747
14403652 (base 7) to base 14
276899
What is -6b3911 (base 12) in base 11?
-a7aa59
Convert -32246 (base 11) to base 10.
-46877
Convert 10141003 (base 5) to base 15.
19cbd
aa519b (base 15) to base 6
445551502
1204554 (base 6) to base 10
63286
Convert -2e55a3 (base 15) to base 4.
-20210100111
Convert -2213232233 (base 4) to base 8.
-2475657
Convert 4091952 (base 10) to base 16.
3e7030
-10244146 (base 8) to base 2
-1000010100100001100110
What is 29b709 (base 12) in base 13?
1b876c
Convert -344040243 (base 5) to base 15.
-209168
Convert 1389147 (base 12) to base 4.
32323212013
What is 25342103 (base 8) in base 6?
320250123
What is 21131231010 (base 4) in base 14?
4881da
d75618 (base 15) to base 12
3520642
Convert -222032331101 (base 4) to base 16.
-a8ef51
Convert -2501e (base 15) to base 4.
-130312022
Convert -5638713 (base 9) to base 14.
-590dcd
Convert -311003221 (base 4) to base 5.
-23423241
Convert 55241255 (base 7) to base 16.
48795b
-100100001001010010 (base 2) to base 11
-a1261
11a873 (base 12) to base 3
112122011220
-102012021112012 (base 3) to base 9
-12167465
414a39 (base 13) to base 7
15645622
-11033123 (base 5) to base 8
-273446
Convert 110100100000101001110 (base 2) to base 14.
32b0bc
What is 168a230 (base 12) in base 5?
2143144333
-113303301 (base 4) to base 10
-97521
Convert -1331257 (base 8) to base 9.
-628214
What is a02c9e (base 15) in base 12?
2668105
What is -287416 (base 11) in base 9?
-753872
11001011000100111 (base 2) to base 7
612064
What is -223322504 (base 6) in base 7?
-46504252
5c9d8 (base 14) to base 3
102112100000
What is -110220222112201 (base 3) in base 13?
-1566724
What is -1196002 (base 11) in base 7?
-23420615
-3522516 (base 7) to base 5
-103131403
-214645 (base 7) to base 4
-21031102
3cb9c (base 16) to base 4
330232130
Convert -42121445 (base 6) to base 5.
-303130223
What is -1520175 (base 8) in base 12?
-18b3b9
What is 2418283 (base 11) in base 15?
583433
14082 (base 11) to base 12
b733
Convert 70970 (base 11) to base 5.
11304103
What is 119b90 (base 14) in base 11?
382230
What is -3362054 (base 7) in base 11?
-266474
11133353 (base 6) to base 14
8b7b7
Convert -28e6c (base 15) to base 5.
-13202002
343370 (base 9) to base 8
622074
Convert 10110101100001000 (base 2) to base 13.
333bc
Convert 23719 (base 10) to base 14.
8903
247bb5 (base 13) to base 9
1572171
What is -22515474 (base 9) in base 11?
-6199412
What is -22721 (base 9) in base 8?
-35476
-165325 (base 8) to base 15
-12c2c
10546126 (base 8) to base 12
91b906
What is -138858 (base 10) in base 9?
-231426
Convert -13314102 (base 5) to base 2.
-100001000101100111
What is -7872d (base 15) in base 6?
-12113041
Convert 3551453 (base 10) to base 16.
3630dd
What is -1001111011001011110110 (base 2) in base 5?
-1131223333
Convert 1673a5 (base 13) to base 7.
4514543
11110011000100010000 (base 2) to base 12
4001a8
What is 853171 (base 9) in base 6?
14513401
Convert -1011122102221 (base 3) to base 7.
-5203000
-1453756 (base 11) to base 6
-125241411
What is -2220211210 (base 3) in base 13?
-20214
20222202213 (base 4) to base 9
4241686
-1010111210001 (base 3) to base 12
-24b647
Convert -95202 (base 16) to base 13.
-185040
-101001210112121 (base 3) to base 4
-110122012210
Convert 2c06d1 (base 14) to base 13.
41b078
-1010301230 (base 4) to base 5
-33003313
-1070345 (base 8) to base 10
-291045
Convert -1073473 (base 9) to base 4.
-2031211221
What is -158117 (base 13) in base 11?
-333662
Convert 100111111000111001101 (base 2) to base 16.
13f1cd
5a39ca (base 13) to base 4
20030333101
Convert 35503362 (base 7) to base 5.
1301103004
What is -157149 (base 12) in base 16?
-59109
-709643 (base 13) to base 6
-132053045
Convert -22121110222 (base 3) to base 9.
-277428
-14242342 (base 5) to base 2
-100100100011011010
What is 473026a (base 11) in base 16?
7e0132
Convert 30122305 (base 6) to base 16.
cfb21
-7501615 (base 8) to base 16
-1e838d
Convert -2537607 (base 9) to base 15.
-1c4d71
Convert aca10 (base 16) to base 10.
707088
What is -d02845 (base 14) in base 5?
-3242430304
What is -85219 (base 12) in base 2?
-101010101011110101
What is 25649 (base 14) in base 2?
10110011010010001
What is -2915b2 (base 13) in base 5?
-224042242
Convert -260959 (base 11) to base 14.
-a9b65
What is 1010101010010011110 (base 2) in base 12?
14a1ba
Convert -2b0469 (base 13) to base 9.
-1881572
109be (base 15) to base 10
52829
What is -5693c6 (base 15) in base 9?
-7686756
What is -329493 (base 10) in base 13?
-b6c88
Convert 3e5700 (base 16) to base 2.
1111100101011100000000
-14a61c (base 14) to base 4
-2233310002
Convert -56625350 (base 7) to base 10.
-4931150
5000254 (base 6) to base 5
24432021
Convert -10110000000110010 (base 2) to base 11.
-61816
-2310202 (base 5) to base 3
-2002122201
-25591 (base 13) to base 15
-156ea
76aa0b (base 15) to base 5
2421433021
What is -d60d (base 16) in base 2?
-1101011000001101
What is 2305550 (base 8) in base 4?
2120231220
What is 12315051 (base 7) in base 11?
6a0585
2187a (base 14) to base 2
10011110101100100
Convert -20220011031 (base 4) to base 8.
-10500515
Convert 196e13 (base 16) to base 6.
55415351
Convert -2c916b (base 13) 